 3 = -3*b. What is the units digit of -1 - ((-1)/1 - b)?
6
Let s(x) = -x**2 - 11*x + 3. Suppose -4*v - 16 = 0, 0*v + 3*v + 42 = -3*q. What is the units digit of s(q)?
3
Let z be (-3 - 1)/(2/(-2)). Suppose -2*g + 4*g = -2. Let p = g + z. What is the units digit of p?
3
Suppose 0 = -5*f + r - 3, -f + 2*r - 6 = 0. Suppose f = d + d + 30. Let q = 29 + d. What is the tens digit of q?
1
Let o = 4 + -1. What is the units digit of o?
3
Let g be (5/(-4))/((-1)/80). Suppose 0*q = 5*q + 4*t - g, -2*q + 28 = 4*t. Suppose -b = 3*b - q. What is the units digit of b?
6
Let c = -12 + 60. What is the tens digit of c?
4
Let i(v) be the first derivative of 3 + 9/2*v**2 - 2*v + 5/3*v**3 - 1/4*v**4. What is the units digit of i(6)?
6
Let n(j) = -2*j**3 - j**2 - 2*j. Let i be n(-1). Suppose -2*g = -2*y - y - 5, 3*g - 12 = i*y. What is the units digit of g?
7
Let z = -10 - -1. Let m = 1 - z. Suppose -4*b = b - m. What is the units digit of b?
2
Let n(t) = t - 6. Suppose -p + 0*p + 8 = 0. Let o be n(p). What is the units digit of o/3 + 64/12?
6
Let f = 41 + 71. What is the tens digit of f?
1
Suppose 6*p = 5*p + 55. Suppose 4*r + r = p. What is the units digit of r?
1
Let w be (-12)/(-7)*(26 - -2). Let l be (0/1)/((-3)/(-3)). Suppose l = -0*p + 3*p - w. What is the tens digit of p?
1
Let i = 47 + 57. What is the hundreds digit of i?
1
Let v(w) = -w**3 + 7*w**2 - 2*w. Let z be v(7). Let c = 33 + z. What is the units digit of c?
9
Let k(p) = p**2 - p. Let d(w) = 17*w**3 - 2*w**2 + 3*w. Let x(s) = d(s) + 4*k(s). What is the units digit of x(1)?
8
Suppose -4*t + 92 = 3*s, 0 = -5*s - 0*s - 3*t + 157. What is the units digit of s?
2
Let j = 21 - 20. What is the units digit of j?
1
Let a(q) = 4*q**2 + 1. Let z(i) = -i**3 - 4*i**2 - i - 1. Let b be z(-4). Suppose 0 = b*f - 7 + 4. What is the units digit of a(f)?
5
Let z(b) = -b + 7. Let c be z(6). What is the units digit of -2 + 11 - c - 2?
6
What is the tens digit of ((-3)/(-2))/(2177/(-436) - -5)?
1
Let i = 398 + -103. What is the units digit of i?
5
Let g(s) be the third derivative of -s**4/12 - 5*s**3/6 - 2*s**2. Let a be g(-5). Suppose a*z - 1 = -4*t, -z + 3*t + 0 = -4. What is the units digit of z?
1
Suppose 29 = 2*g - 31. Let y = g + -10. What is the units digit of y?
0
Let t(r) = 1 - 4*r**3 + 3*r - 12*r + 3*r**3 - 10*r**2. Let g = -8 - 1. What is the units digit of t(g)?
1
Let x be (1 + -18)/(-4 - -5). Let k = 44 + x. What is the units digit of k?
7
Let i(k) = k + 17. Let r be (-1 - 1/(-1))*-1. What is the tens digit of i(r)?
1
Suppose 2*s = -5*x - 0*s + 187, -4*s = -5*x + 181. Let p = -21 + x. Suppose 5*i - 46 = -p. What is the units digit of i?
6
Let f = 25 + -17. Suppose 5*r = 3*r + f. Suppose 3*a + 32 = 5*s, -1 - 3 = r*s + 5*a. What is the units digit of s?
4
What is the tens digit of 22/(-143) + (-1432)/(-13)?
1
Suppose 3*x + 3 = -3. What is the units digit of -2 - -27 - (x + 4)?
3
Let u(a) = -a**3 + 7*a**2 + 9. Let w(d) = 5*d**3 - 4*d**3 + 6*d + 1 - 7*d. Let q be w(2). What is the units digit of u(q)?
9
Suppose 4*a = 9 + 31. What is the units digit of a?
0
Let b(o) = -5*o - 1. Let d be b(-2). Suppose 3*f + d = 6*f. Suppose -18 + f = -5*z. What is the units digit of z?
3
Suppose -2*y = -4*j + 8, -4*y + 0*y + 4*j - 20 = 0. Let k(d) be the second derivative of -d**3/3 - 9*d**2/2 + 7*d - 5. What is the units digit of k(y)?
3
Suppose u - 4*c + c = 47, 5*u - 4*c = 224. Suppose -9*p + 7*p = -u. What is the tens digit of p?
2
Let m(x) = x**2 - 5*x - 6. Let s be m(6). What is the units digit of 10*(1 - (s + 0))?
0
Let q(n) = 10*n + 200. What is the tens digit of q(0)?
0
Suppose 0 = 2*r - 16 - 30. What is the units digit of r?
3
Let a = 200 - -28. What is the tens digit of a?
2
Suppose 0*v + 14 = 2*v. Let h = 7 - v. Let f(u) = u + 8. What is the units digit of f(h)?
8
Suppose -5*d = -0*v - 2*v - 97, -2*d = -2*v - 34. What is the units digit of d?
1
Suppose -100 - 4 = -4*t. What is the tens digit of t?
2
Suppose i = -2*y - 26, -2*i - y - 50 = -1. Let u = i + 36. What is the units digit of u?
2
Let f be 4/(-18) - 7/9. Let j be f/(-4) + (-28)/(-16). Suppose -2*l + 16 = j*l. What is the units digit of l?
4
Let t be (0 + -1)/(10/90). Let i(o) = o**2 + 6*o - 10. What is the tens digit of i(t)?
1
Suppose -9 = -5*j + 6. Let b(k) = k**3 - k**2 - 4*k + 4. What is the units digit of b(j)?
0
Suppose 4*y = -2*q + 190, -2*q = -5*y + 210 + 23. Let c = y + -27. What is the units digit of c?
0
Let n(k) = -28*k**3 - k**2 - k - 7. What is the tens digit of n(-2)?
1
Suppose -5*d = -z + 29, -3*z + d + 33 = 4*d. Suppose z = 5*s - 6. Suppose 22 = 2*o - s*q, 4*q - 2*q + 87 = 5*o. What is the units digit of o?
9
Let x = 82 - 57. Let y be -13 - (4 + -3)*3. Let v = y + x. What is the units digit of v?
9
Suppose 264 = -12*y + 18*y. What is the tens digit of y?
4
Let u = 0 + -1. Let c = -1 - u. Suppose -t + 4 + 6 = c. What is the units digit of t?
0
Suppose -9 = -2*x + x. What is the units digit of x?
9
Suppose 5*t + 4 - 224 = 0. Let a(v) = v**3 + 7*v**2 + 6*v + 4. Let l be a(-6). Suppose -l*o + t = -4*j, j - 6 = -2*o + 10. What is the units digit of o?
9
Let d(n) = n**2 + 4*n + 2. Let x be d(-4). Suppose -2*a - 2*h = -24, x*a - 10 - 2 = 2*h. What is the units digit of a?
9
Let f = 364 - 151. What is the units digit of f?
3
Suppose v + 18 = 4*o, -o + 3 = v - 4. Suppose 4*q + 35 = 5*j, 3*q - v*q + 2 = -j. What is the units digit of j?
3
Let n(w) be the third derivative of -w**6/120 + w**5/15 + w**4/4 + w**2. What is the units digit of n(5)?
5
Let x(b) = -b. Let c be x(7). Let o = c - -7. Suppose -h + 15 = 2*r, -h - 1 = -2*r - o. What is the units digit of h?
7
Let t(n) = 2*n - 9. Let u be t(0). Let m = 32 + u. What is the units digit of m?
3
Let f(n) = -n - 7. Let h be f(-7). Let m = 6 + h. What is the units digit of m?
6
Let d(a) = -a**2 + 8*a - 4. Let q be d(9). Let v = q + 28. What is the tens digit of v?
1
Let q = 48 - 31. Suppose -13*u + q*u = 60. What is the units digit of u?
5
Let v be (-2)/(-2)*5/1. Suppose -3*c - v = -23. What is the units digit of c?
6
Let a(d) = 8*d + 8. Let t be a(5). Let v = -24 + t. What is the units digit of v?
4
Let q = 151 + -150. What is the units digit of q?
1
Let a(n) be the first derivative of -n**2/2 + 19*n + 4. What is the units digit of a(8)?
1
Suppose -o - 16 = o. Let m be 85/20 - (-2)/o. Suppose -m*z - 32 = -124. What is the tens digit of z?
2
Let w = -3 - -17. What is the units digit of w?
4
Let y be ((-12)/(-15))/((-4)/(-10)). Suppose -y*z - 5 = -13. Suppose -z*o - 16 = -60. What is the units digit of o?
1
Suppose -y - 140 = 3*k, -y - 2*y - 394 = -4*k. What is the units digit of (-10)/(-15) - y/6?
3
Suppose 11*c = 14*c - 60. Suppose 0 = -5*z + c - 5. What is the units digit of z?
3
Suppose 0 = w - 0*w - 61. Suppose 2*b - 64 = -k, 218 = 5*b + k + w. What is the units digit of b?
1
Suppose 0 = -13*r + 12*r + 106. What is the tens digit of r?
0
Let c = -19 + 42. What is the units digit of c?
3
Let o = -17 + 22. Suppose 3*g - 84 = -o*d, -4*d - g - 3*g + 64 = 0. What is the tens digit of d?
1
Let n(r) = r**3 - 5*r**2 + 2*r - 6. Let m = 12 + -7. What is the units digit of n(m)?
4
Let j(s) = 39*s**2 + s. Let p be j(1). Suppose -3*d = -0 + 78. Let o = d + p. What is the tens digit of o?
1
Let x = -17 - -21. Suppose 0 = x*c - 16, -4*c + 33 + 15 = i. What is the units digit of i?
2
What is the units digit of (-3)/(5/((-940)/12))?
7
Let u(k) = 2*k - 10. Suppose -m = -4*y + 39, -25 = -4*y + 2*m + 17. Let n be u(y). Suppose -d = d - n. What is the units digit of d?
4
Let q be 18/(-4)*4/(-6). Suppose l - 2*l = -q. What is the units digit of 1 + (l/(-3) - -7)?
7
Let s(t) = t**3 + 6*t**2 - 5*t + 3. Let f be s(-7). Let v = 24 + f. What is the units digit of v?
3
Let m(l) = -4 + 1 + 3*l + 0 - 3. Let c be 1/(15/18)*5. What is the units digit of m(c)?
2
Let v(p) = 2*p**2 + 5*p + 4. Let n be (2/(-5))/(4/(-20)). Suppose -n*f = -f + 3. What is the units digit of v(f)?
7
Let a = 159 + -96. What is the units digit of a?
3
Let m be (-2 + 4)*15/6. Suppose 0*p - 3*i - 54 = -3*p, -m*p - 2*i + 97 = 0. What is the tens digit of p?
1
Let v = -101 + 175. What is the tens digit of v?
7
Suppose 4*w = -3*z + 371, -107 = -3*w + 2*z + 150. What is the units digit of w?
9
What is the units digit of (-62 - (-6 + 3))*(0 + -1)?
9
Suppose 4*l -